e the remainder when 3163 is divided by 1.
0
Calculate the remainder when 6265 is divided by 6198.
67
Calculate the remainder when 11903 is divided by 528.
287
What is the remainder when 22790 is divided by 28?
26
Calculate the remainder when 2785 is divided by 696.
1
Calculate the remainder when 211489 is divided by 148.
145
What is the remainder when 60529 is divided by 344?
329
Calculate the remainder when 1967 is divided by 1145.
822
Calculate the remainder when 2598 is divided by 1176.
246
What is the remainder when 1120695 is divided by 46?
43
Calculate the remainder when 11381 is divided by 5602.
177
What is the remainder when 42026 is divided by 13670?
1016
What is the remainder when 392 is divided by 25?
17
Calculate the remainder when 28222 is divided by 248.
198
Calculate the remainder when 3044 is divided by 563.
229
What is the remainder when 43889 is divided by 133?
132
Calculate the remainder when 9293 is divided by 166.
163
What is the remainder when 320638 is divided by 640?
638
Calculate the remainder when 1753 is divided by 1411.
342
Calculate the remainder when 579 is divided by 204.
171
Calculate the remainder when 69307 is divided by 478.
475
Calculate the remainder when 5281 is divided by 2633.
15
Calculate the remainder when 2867 is divided by 141.
47
Calculate the remainder when 66285 is divided by 231.
219
What is the remainder when 5048 is divided by 193?
30
What is the remainder when 18554 is divided by 354?
146
What is the remainder when 72629 is divided by 4271?
22
Calculate the remainder when 900 is divided by 161.
95
Calculate the remainder when 21200 is divided by 202.
192
What is the remainder when 571 is divided by 562?
9
Calculate the remainder when 139950 is divided by 69972.
6
Calculate the remainder when 12476 is divided by 63.
2
Calculate the remainder when 73761 is divided by 9.
6
Calculate the remainder when 188796 is divided by 513.
12
What is the remainder when 253977 is divided by 32?
25
What is the remainder when 628934 is divided by 260?
254
What is the remainder when 4632 is divided by 1875?
882
Calculate the remainder when 6832 is divided by 1703.
20
Calculate the remainder when 353565 is divided by 1901.
1880
Calculate the remainder when 1420 is divided by 282.
10
Calculate the remainder when 20022 is divided by 97.
40
Calculate the remainder when 48228 is divided by 233.
230
Calculate the remainder when 211170 is divided by 30167.
1
Calculate the remainder when 32010 is divided by 25.
10
Calculate the remainder when 215308 is divided by 53825.
8
Calculate the remainder when 126750 is divided by 3.
0
Calculate the remainder when 61133 is divided by 6.
5
Calculate the remainder when 3639 is divided by 101.
3
What is the remainder when 721 is divided by 437?
284
What is the remainder when 2166 is divided by 136?
126
Calculate the remainder when 8463 is divided by 422.
23
Calculate the remainder when 150854 is divided by 692.
690
What is the remainder when 441 is divided by 53?
17
Calculate the remainder when 4035880 is divided by 1785.
1780
Calculate the remainder when 131078 is divided by 131057.
21
What is the remainder when 189018 is divided by 29?
25
What is the remainder when 1291 is divided by 185?
181
What is the remainder when 1526 is divided by 448?
182
What is the remainder when 1988 is divided by 904?
180
What is the remainder when 2879 is divided by 433?
281
Calculate the remainder when 165 is divided by 13.
9
What is the remainder when 6028 is divided by 13?
9
What is the remainder when 4812 is divided by 73?
67
What is the remainder when 173420 is divided by 4563?
26
Calculate the remainder when 22561 is divided by 2051.
0
What is the remainder when 18005 is divided by 5997?
14
Calculate the remainder when 2236739 is divided by 55.
54
Calculate the remainder when 36010 is divided by 3998.
28
Calculate the remainder when 390 is divided by 184.
22
Calculate the remainder when 4546 is divided by 70.
66
What is the remainder when 9217 is divided by 1841?
12
Calculate the remainder when 32430 is divided by 258.
180
What is the remainder when 44727 is divided by 8942?
17
What is the remainder when 215057 is divided by 295?
2
What is the remainder when 95320 is divided by 288?
280
Calculate the remainder when 37582 is divided by 18762.
58
Calculate the remainder when 106930 is divided by 8910.
10
What is the remainder when 974 is divided by 22?
6
Calculate the remainder when 3023 is divided by 562.
213
Calculate the remainder when 350207 is divided by 288.
287
What is the remainder when 2796 is divided by 927?
15
Calculate the remainder when 145138 is divided by 177.
175
What is the remainder when 339709 is divided by 17?
15
What is the remainder when 7207 is divided by 342?
25
What is the remainder when 39111 is divided by 13037?
0
Calculate the remainder when 19531 is divided by 3255.
1
What is the remainder when 17961 is divided by 1107?
249
What is the remainder when 361139 is divided by 39?
38
What is the remainder when 7009 is divided by 878?
863
What is the remainder when 418366 is divided by 447?
421
What is the remainder when 19845 is divided by 165?
45
Calculate the remainder when 87272 is divided by 14.
10
Calculate the remainder when 12451 is divided by 3100.
51
Calculate the remainder when 1968 is divided by 490.
8
What is the remainder when 182554 is divided by 23?
3
Calculate the remainder when 74093 is divided by 52.
45
What is the remainder when 5703 is divided by 778?
257
Calculate the remainder when 202930 is divided by 224.
210
Calculate the remainder when 8345 is divided by 2083.
13
Calculate the remainder when 14825 is divided by 260.
5
Calculate the remainder when 117310 is divided by 6516.
22
What is the remainder when 1626 is divided by 24?
18
Calculate the remainder when 11113 is divided by 1897.
1628
What is the remainder when 133513 is divided by 358?
337
What is the remainder when 5747 is divided by 987?
812
What is the remainder when 1686743 is divided by 975?
968
Calculate the remainder when 338 is divided by 82.
10
What is the remainder when 42212 is divided by 435?
17
Calculate the remainder when 996 is divided by 61.
20
Calculate the remainder when 545 is divided by 158.
71
What is the remainder when 28809 is divided by 21?
18
Calculate the remainder when 332220 is divided by 1217.
1196
Calculate the remainder when 12996 is divided by 105.
81
What is the remainder when 329951 is divided by 457?
454
Calculate the remainder when 1052 is divided by 63.
44
What is the remainder when 360267 is divided by 89?
84
Calculate the remainder when 6209 is divided by 456.
281
Calculate the remainder when 54774 is divided by 93.
90
What is the remainder when 4658 is divided by 70?
38
What is the remainder when 9878 is divided by 161?
57
Calculate the remainder when 71516 is divided by 23838.
2
What is the remainder when 18390 is divided by 41?
22
Calculate the remainder when 266844 is divided by 10.
4
Calculate the remainder when 1101 is divided by 192.
141
What is the remainder when 36538 is divided by 119?
5
What is the remainder when 2265 is divided by 762?
741
What is the remainder when 12112 is divided by 1726?
30
What is the remainder when 42417 is divided by 48?
33
What is the remainder when 21332 is divided by 125?
82
Calculate the remainder when 380713 is divided by 132.
25
What is the remainder when 35330 is divided by 504?
50
What is the remainder when 130989 is divided by 56?
5
What is the remainder when 1292213 is divided by 45?
38
Calculate the remainder when 18652 is divided by 63.
4
What is the remainder when 11856 is divided by 3948?
12
What is the remainder when 14798 is divided by 4926?
20
What is the remainder when 11254 is divided by 3745?
19
What is the remainder when 24791 is divided by 49?
46
What is the remainder when 372729 is divided by 4334?
5
Calculate the remainder when 1856 is divided by 15.
11
What is the remainder when 41915 is divided by 177?
143
What is the remainder when 8962 is divided by 59?
53
Calculate the remainder when 1461 is divided by 547.
367
Calculate the remainder when 77717 is divided by 1896.
1877
What is the remainder when 18297 is divided by 495?
477
Calculate the remainder when 18256 is divided by 89.
11
Calculate